{"id":161,"date":"2023-12-15T14:20:43","date_gmt":"2023-12-15T13:20:43","guid":{"rendered":"https:\/\/laviadellesfumature.it\/?page_id=161"},"modified":"2025-04-24T14:07:50","modified_gmt":"2025-04-24T12:07:50","slug":"il-teorema-della-creativita","status":"publish","type":"page","link":"https:\/\/laviadellesfumature.it\/?page_id=161","title":{"rendered":"ISPE &#8211; IL TEOREMA DELL&#8217;IMMAGINAZIONE CONSAPEVOLE"},"content":{"rendered":"\n<p>La sottile arte di rompere gli schemi, essendo un\u2019arte, si basa sull\u2019immaginazione. Senza fantasia, senza immaginazione e senza creativit\u00e0 non si possono rompere gli schemi.<\/p>\n\n\n\n<h2 class=\"wp-block-heading\">Premessa: Fantasia, Immaginazione e Creativit\u00e0<\/h2>\n\n\n\n<p>Prima di addentrarci nel teorema, \u00e8 utile fare una distinzione tra tre concetti che spesso vengono usati come sinonimi, ma che in realt\u00e0 hanno sfumature differenti: fantasia, immaginazione e creativit\u00e0.<\/p>\n\n\n\n<p><strong>Fantasia<\/strong> \u00e8 la capacit\u00e0 della mente di generare immagini e &#8220;film&#8221; che non appartengono alla realt\u00e0. \u00c8 la materia prima, la potenzialit\u00e0 di creare mondi, personaggi e storie del tutto nuove. \u00c8 la capacit\u00e0 di inventare, di pensare oltre il mondo reale.<\/p>\n\n\n\n<p><strong>Immagin-azione <\/strong>\u00e8 il processo che permette di dare forma a queste immagini fantasiose. L&#8217;immaginazione implica un&#8217;azione mentale, \u00e8 la capacit\u00e0 di rielaborare e combinare ci\u00f2 che abbiamo visualizzato &#8220;di l\u00e0&#8221;, nel regno della fantasia, in modo consapevole. L\u2019immaginazione  \u00e8 la creazione mentale di nuove possibilit\u00e0.<\/p>\n\n\n\n<p><strong>Creativit\u00e0<\/strong> \u00e8 l\u2019applicazione di questa immaginazione, la sua espressione nel mondo. Quando le idee immaginate si trasformano in qualcosa di concreto, che pu\u00f2 essere un progetto, un&#8217;opera d&#8217;arte, una soluzione pratica o un&#8217;invenzione, siamo di fronte alla creativit\u00e0. La creativit\u00e0 \u00e8 l\u2019atto di rendere il pensiero immaginato un\u2019azione reale.<\/p>\n\n\n\n<p>Questi tre concetti sono strettamente interconnessi: la fantasia alimenta l\u2019immaginazione, e l\u2019immaginazione \u00e8 ci\u00f2 che permette di creare. Ecco perch\u00e9 la via delle sfumature si fonda sull\u2019immaginazione consapevole: l\u2019abilit\u00e0 di trasformare la fantasia in qualcosa di concreto e significativo, non solo nella mente, ma nella realt\u00e0 di tutti i giorni. L&#8217;immaginazione consapevole \u00e8 lo strumento che ci permette di distinguerci, di essere <em>abilmente diversi<\/em>. L&#8217;abilit\u00e0 di benessere, (benessere inteso come verbo), \u00e8 il nostro potere.<strong> <em>Io bene-sono<\/em><\/strong><em>,<\/em> la parola magica che racchiude questa forza. <\/p>\n\n\n\n<p>Torniamo ora alla Via delle Sfumature. Il civico 360 \u00e8 la meta da raggiungere. Ma durante il tragitto per arrivare al numero 360, ci sono altri numeri, cui corrispondono delle tappe, con delle \u201csfide\u201d da superare. Ci saranno porte non tanto semplici da aprire, paludi piene di fango, castelli sospesi in aria, montagne vaganti, laboratori di emozioni, e tanto tanto altro \u2013 eccola, l&#8217;immaginazione! \u2013 proprio come nei romanzi. Dobbiamo riscrivere la nostra storia, quindi, \u00e8 necessario passare attraverso questi luoghi. <\/p>\n\n\n\n<p>Ti troverai tra due regni: il regno di Fant\u00e0sia \u2013 s\u00ec, proprio quello de La Storia Infinita, ma scordati del film, qui \u00e8 tutta un\u2019altra storia\u2026 infinita \u2013 e Z\u00e0rokon, il regno delle emozioni. La via delle sfumature attraversa questi due regni, e appartiene a entrambi. Ci sar\u00e0 anche qualche personaggio, e ovviamente, il protagonista: tu.<\/p>\n\n\n\n<p>Detto ci\u00f2, ti parler\u00f2 adesso di un teorema che ha a che fare sia con la matematica sia con la filosofia, e che costituisce la base del cammino lungo la Via delle Sfumature. Premetto che la matematica per me \u00e8 un\u2019opinione, anzi, pi\u00f9 che un\u2019opinione, una metafora.<\/p>\n\n\n\n<p>Partiamo da questo motto:<\/p>\n\n\n\n<p><strong>\u201c<em>Non pu\u00f2 esistere la fantasia senza un briciolo di realt\u00e0; non pu\u00f2 esistere la realt\u00e0 senza un pizzico di fantasia. \u00c8 quel briciolo che d\u00e0 sostanza; \u00e8 quel pizzico che d\u00e0 sapore<\/em>.\u201d<\/strong><\/p>\n\n\n\n<p>Ti trovi d\u2019accordo? Fantasia, che \u00e8 il punto di partenza, e realt\u00e0 sono strettamente interconnesse tra loro, in un armonico equilibrio.<\/p>\n\n\n\n<p>Tutto parte dal pensiero: il famoso <em>cogito ergo sum<\/em>. Ma di cosa \u00e8 fatto il pensiero? Il pensiero \u00e8 fatto, prima di tutto di immagini e suoni. Quindi, la prima formula \u00e8:<\/p>\n\n\n\n<h2 class=\"wp-block-heading has-text-align-center\"><mark style=\"background-color:rgba(0, 0, 0, 0)\" class=\"has-inline-color has-vivid-cyan-blue-color\"><strong>Immagini+Suoni= Emozioni.<\/strong><\/mark><\/h2>\n\n\n\n<p>E sebbene facciano parte dei suoni, aggiungiamo anche le parole.<\/p>\n\n\n\n<h2 class=\"wp-block-heading\"><mark style=\"background-color:rgba(0, 0, 0, 0)\" class=\"has-inline-color has-vivid-cyan-blue-color\"><strong>IMMAGINI <\/strong><\/mark><strong><mark style=\"background-color:rgba(0, 0, 0, 0)\" class=\"has-inline-color has-vivid-purple-color\">+ SUONI<\/mark><\/strong><mark style=\"background-color:rgba(0, 0, 0, 0)\" class=\"has-inline-color has-vivid-cyan-blue-color\"><strong> + <\/strong><\/mark><strong><mark style=\"background-color:rgba(0, 0, 0, 0)\" class=\"has-inline-color has-vivid-red-color\">PAROLE<\/mark><\/strong><mark style=\"background-color:rgba(0, 0, 0, 0)\" class=\"has-inline-color has-vivid-cyan-blue-color\"><strong> = <\/strong><\/mark><strong><mark style=\"background-color:rgba(0, 0, 0, 0);color:#349e77\" class=\"has-inline-color\">EMOZIONI <\/mark><\/strong><mark style=\"background-color:rgba(0, 0, 0, 0)\" class=\"has-inline-color has-vivid-cyan-blue-color\"><strong>&#8212;&#8211;&gt; I<\/strong><\/mark><strong><mark style=\"background-color:rgba(0, 0, 0, 0)\" class=\"has-inline-color has-vivid-purple-color\">S<\/mark><mark style=\"background-color:rgba(0, 0, 0, 0)\" class=\"has-inline-color has-vivid-red-color\">P<\/mark><\/strong><mark style=\"background-color:rgba(0, 0, 0, 0);color:#2da076\" class=\"has-inline-color\"><strong>E<\/strong><\/mark>, <strong>Il principio dell&#8217;ISPirazione. <\/strong><\/h2>\n\n\n\n<p>Per ricordarci di questa sequenza potremmo dire:<\/p>\n\n\n\n<p><em> \u201cImmagina un suono che in una parola sussurri emozione.\u201d<\/em><\/p>\n\n\n\n<p>Immagini + suoni = emozioni = storia. Questo vuol dire che ogni cosa che abbia immagini e suoni, \u00e8 storia. E il pensiero \u00e8 fatto di tutto questo. Quando pensi, tu racconti qualcosa. C\u2019\u00e8 la tua voce (suono) che narra una storia attraverso le parole.<\/p>\n\n\n\n<p>Le parole, a loro volta, evocano immagini, ma anche suoni, fragranze, sapori, note, altre voci\u2026 Emozioni, insomma. Sono coinvolti tutti i sensi, e anche il senso figurato e il senso dell\u2019umorismo, e tutti gli altri che scoprirai. Tutto questo sta alla base della creativit\u00e0. \u201c<em>Fin dall\u2019inizio venne loro data quella stupenda facolt\u00e0 creatrice\u2026\u201d<\/em>. Cos\u00ec recita Michael Ende ne \u201cLa storia Infinita\u201d. Loro siamo noi esseri umani, tutti, indistintamente, anche chi crede di non avere creativit\u00e0, di non avere immaginazione. Siamo tutti creatori di storie.<\/p>\n\n\n\n<p>Ne consegue il teorema dell\u2019immaginazione consapevole:<\/p>\n\n\n\n<h2 class=\"wp-block-heading has-text-align-center\"><mark style=\"background-color:rgba(0, 0, 0, 0)\" class=\"has-inline-color has-luminous-vivid-orange-color\">Cogito ergo sum<\/mark><mark style=\"background-color:rgba(0, 0, 0, 0)\" class=\"has-inline-color has-vivid-red-color\"> \u2192 Cogito ergo creo\u2192 <\/mark><mark style=\"background-color:rgba(0, 0, 0, 0);color:#3a96cb\" class=\"has-inline-color\">Creo ergo sum<\/mark><\/h2>\n\n\n\n<p class=\"has-text-align-center\"><strong>(Penso dunque sono \u2192 Creo dunque sono)<\/strong><\/p>\n\n\n<div class=\"wp-block-image\">\n<figure class=\"aligncenter size-large is-resized\"><img loading=\"lazy\" decoding=\"async\" width=\"300\" height=\"300\" src=\"https:\/\/laviadellesfumature.it\/wp-content\/uploads\/2024\/02\/20240210_1125497792628599585461332-300x300.jpg\" alt=\"\" class=\"wp-image-511\" style=\"width:460px;height:auto\" srcset=\"https:\/\/laviadellesfumature.it\/wp-content\/uploads\/2024\/02\/20240210_1125497792628599585461332-300x300.jpg 300w, https:\/\/laviadellesfumature.it\/wp-content\/uploads\/2024\/02\/20240210_1125497792628599585461332-150x150.jpg 150w, https:\/\/laviadellesfumature.it\/wp-content\/uploads\/2024\/02\/20240210_1125497792628599585461332-768x768.jpg 768w, https:\/\/laviadellesfumature.it\/wp-content\/uploads\/2024\/02\/20240210_1125497792628599585461332-75x75.jpg 75w, https:\/\/laviadellesfumature.it\/wp-content\/uploads\/2024\/02\/20240210_1125497792628599585461332.jpg 1024w\" sizes=\"auto, (max-width: 300px) 100vw, 300px\" \/><\/figure>\n<\/div>\n\n\n<p>Creo, quindi sono. Non perch\u00e9 dipingo o scolpisco, ma perch\u00e9 immagino consapevolmente e trasformo la realt\u00e0.<\/p>\n\n\n\n<p>Quindi, non ci sono pi\u00f9 scuse. Se sei capace di pensare, sei anche capace di immaginare e, dunque, di creare. Un briciolo di realt\u00e0 e un pizzico di fantasia, sostanza e sapore. Dal teorema alla ricetta. Prendi un briciolo della tua realt\u00e0, filtralo attraverso tutti i tuoi sensi, e aggiungici un pizzico di fantasia. Per farlo hai tante spezie (ISPE) a tua disposizione che puoi combinare tra loro per crearne altre. Prendi un piatto di pasta in bianco (la tua realt\u00e0): se aggiungi un pizzico di sale, gi\u00e0 cambia il sapore. Se poi metti un pizzico di pepe o di un altro ingrediente, il piatto comincia ad acquisire persino una sua identit\u00e0: pasta alla norma, pasta alla carbonara\u2026 e puoi mescolare le spezie come vuoi.<\/p>\n\n\n\n<h2 class=\"wp-block-heading\">Fantastica, Immagina, Crea<\/h2>\n\n\n\n<p>Ora che hai esplorato il teorema dell\u2019immaginazione consapevole, \u00e8 il momento di applicarlo. Ricorda che la fantasia \u00e8 il punto di partenza. &#8220;Fantastica&#8221; ci\u00f2 che ancora non esiste, senza limiti. inventa. Ma non fermarti l\u00ec: immagina, dai forma, crea un percorso, viaggia dentro la storia che hai<em> fantasticato.<\/em> Infine, crea: porta ci\u00f2 che hai immaginato nella realt\u00e0, fallo vivere, fallo esistere in te&#8230; <\/p>\n\n\n\n<p>Ogni passo ti avvicina alla tua storia. Ogni pensiero, ogni emozione, ogni azione che intraprendi \u00e8 un atto di creazione. La via delle sfumature \u00e8 fatta per te, per riscrivere la tua storia, passo dopo passo, attraverso il potere dell\u2019immaginazione consapevole.<\/p>\n\n\n\n<p><\/p>\n\n\n\n<p><\/p>\n\n\n\n<p><\/p>\n\n\n\n<p><\/p>\n\n\n\n<p class=\"has-text-align-center\"><\/p>\n","protected":false},"excerpt":{"rendered":"<p>La sottile arte di rompere gli schemi, essendo un\u2019arte, si basa sull\u2019immaginazione. Senza fantasia, senza immaginazione e senza creativit\u00e0 non si possono rompere gli schemi. Premessa: Fantasia, Immaginazione e Creativit\u00e0 Prima di addentrarci nel teorema, \u00e8 utile fare una distinzione tra tre concetti che spesso vengono usati come sinonimi, ma che in realt\u00e0 hanno sfumature differenti: fantasia, immaginazione e creativit\u00e0. Fantasia \u00e8 la capacit\u00e0 della mente di generare immagini e &#8220;film&#8221; che non appartengono alla realt\u00e0. \u00c8 la materia prima, la potenzialit\u00e0 di creare mondi, personaggi e storie del tutto nuove. \u00c8 la capacit\u00e0 di inventare, di pensare oltre il mondo reale. Immagin-azione \u00e8 il processo che permette di dare forma a queste immagini fantasiose. L&#8217;immaginazione implica un&#8217;azione mentale, \u00e8 la capacit\u00e0 di rielaborare e combinare ci\u00f2 che abbiamo visualizzato &#8220;di l\u00e0&#8221;, nel regno della fantasia, in modo consapevole. L\u2019immaginazione \u00e8 la creazione mentale di nuove possibilit\u00e0. Creativit\u00e0 \u00e8 l\u2019applicazione di questa immaginazione, la sua espressione nel mondo. Quando le idee immaginate si trasformano in qualcosa di concreto, che pu\u00f2 essere un progetto, un&#8217;opera d&#8217;arte, una soluzione pratica o un&#8217;invenzione, siamo di fronte alla creativit\u00e0. La creativit\u00e0 \u00e8 l\u2019atto di rendere il pensiero immaginato un\u2019azione reale. Questi tre concetti sono strettamente interconnessi: la fantasia alimenta l\u2019immaginazione, e l\u2019immaginazione \u00e8 ci\u00f2 che permette di creare. Ecco perch\u00e9 la via delle sfumature si fonda sull\u2019immaginazione consapevole: l\u2019abilit\u00e0 di trasformare la fantasia in qualcosa di concreto e significativo, non solo nella mente, ma nella realt\u00e0 di tutti i giorni. L&#8217;immaginazione consapevole \u00e8 lo strumento che ci permette di distinguerci, di essere abilmente diversi. L&#8217;abilit\u00e0 di benessere, (benessere inteso come verbo), \u00e8 il nostro potere. Io bene-sono, la parola magica che racchiude questa forza. Torniamo ora alla Via delle Sfumature. Il civico 360 \u00e8 la meta da raggiungere. Ma durante il tragitto per arrivare al numero 360, ci sono altri numeri, cui corrispondono delle tappe, con delle \u201csfide\u201d da superare. Ci saranno porte non tanto semplici da aprire, paludi piene di fango, castelli sospesi in aria, montagne vaganti, laboratori di emozioni, e tanto tanto altro \u2013 eccola, l&#8217;immaginazione! \u2013 proprio come nei romanzi. Dobbiamo riscrivere la nostra storia, quindi, \u00e8 necessario passare attraverso questi luoghi. Ti troverai tra due regni: il regno di Fant\u00e0sia \u2013 s\u00ec, proprio quello de La Storia Infinita, ma scordati del film, qui \u00e8 tutta un\u2019altra storia\u2026 infinita \u2013 e Z\u00e0rokon, il regno delle emozioni. La via delle sfumature attraversa questi due regni, e appartiene a entrambi. Ci sar\u00e0 anche qualche personaggio, e ovviamente, il protagonista: tu. Detto ci\u00f2, ti parler\u00f2 adesso di un teorema che ha a che fare sia con la matematica sia con la filosofia, e che costituisce la base del cammino lungo la Via delle Sfumature. Premetto che la matematica per me \u00e8 un\u2019opinione, anzi, pi\u00f9 che un\u2019opinione, una metafora. Partiamo da questo motto: \u201cNon pu\u00f2 esistere la fantasia senza un briciolo di realt\u00e0; non pu\u00f2 esistere la realt\u00e0 senza un pizzico di fantasia. \u00c8 quel briciolo che d\u00e0 sostanza; \u00e8 quel pizzico che d\u00e0 sapore.\u201d Ti trovi d\u2019accordo? Fantasia, che \u00e8 il punto di partenza, e realt\u00e0 sono strettamente interconnesse tra loro, in un armonico equilibrio. Tutto parte dal pensiero: il famoso cogito ergo sum. Ma di cosa \u00e8 fatto il pensiero? Il pensiero \u00e8 fatto, prima di tutto di immagini e suoni. Quindi, la prima formula \u00e8: Immagini+Suoni= Emozioni. E sebbene facciano parte dei suoni, aggiungiamo anche le parole. IMMAGINI + SUONI + PAROLE = EMOZIONI &#8212;&#8211;&gt; ISPE, Il principio dell&#8217;ISPirazione. Per ricordarci di questa sequenza potremmo dire: \u201cImmagina un suono che in una parola sussurri emozione.\u201d Immagini + suoni = emozioni = storia. Questo vuol dire che ogni cosa che abbia immagini e suoni, \u00e8 storia. E il pensiero \u00e8 fatto di tutto questo. Quando pensi, tu racconti qualcosa. C\u2019\u00e8 la tua voce (suono) che narra una storia attraverso le parole. Le parole, a loro volta, evocano immagini, ma anche suoni, fragranze, sapori, note, altre voci\u2026 Emozioni, insomma. Sono coinvolti tutti i sensi, e anche il senso figurato e il senso dell\u2019umorismo, e tutti gli altri che scoprirai. Tutto questo sta alla base della creativit\u00e0. \u201cFin dall\u2019inizio venne loro data quella stupenda facolt\u00e0 creatrice\u2026\u201d. Cos\u00ec recita Michael Ende ne \u201cLa storia Infinita\u201d. Loro siamo noi esseri umani, tutti, indistintamente, anche chi crede di non avere creativit\u00e0, di non avere immaginazione. Siamo tutti creatori di storie. Ne consegue il teorema dell\u2019immaginazione consapevole: Cogito ergo sum \u2192 Cogito ergo creo\u2192 Creo ergo sum (Penso dunque sono \u2192 Creo dunque sono) Creo, quindi sono. Non perch\u00e9 dipingo o scolpisco, ma perch\u00e9 immagino consapevolmente e trasformo la realt\u00e0. Quindi, non ci sono pi\u00f9 scuse. Se sei capace di pensare, sei anche capace di immaginare e, dunque, di creare. Un briciolo di realt\u00e0 e un pizzico di fantasia, sostanza e sapore. Dal teorema alla ricetta. Prendi un briciolo della tua realt\u00e0, filtralo attraverso tutti i tuoi sensi, e aggiungici un pizzico di fantasia. Per farlo hai tante spezie (ISPE) a tua disposizione che puoi combinare tra loro per crearne altre. Prendi un piatto di pasta in bianco (la tua realt\u00e0): se aggiungi un pizzico di sale, gi\u00e0 cambia il sapore. Se poi metti un pizzico di pepe o di un altro ingrediente, il piatto comincia ad acquisire persino una sua identit\u00e0: pasta alla norma, pasta alla carbonara\u2026 e puoi mescolare le spezie come vuoi. Fantastica, Immagina, Crea Ora che hai esplorato il teorema dell\u2019immaginazione consapevole, \u00e8 il momento di applicarlo. Ricorda che la fantasia \u00e8 il punto di partenza. &#8220;Fantastica&#8221; ci\u00f2 che ancora non esiste, senza limiti. inventa. Ma non fermarti l\u00ec: immagina, dai forma, crea un percorso, viaggia dentro la storia che hai fantasticato. Infine, crea: porta ci\u00f2 che hai immaginato nella realt\u00e0, fallo vivere, fallo esistere in te&#8230; Ogni passo ti avvicina alla tua storia. Ogni pensiero, ogni emozione, ogni azione che intraprendi \u00e8 un atto di creazione. La via delle sfumature \u00e8 fatta per te, per riscrivere la tua storia, passo dopo passo, attraverso il potere dell\u2019immaginazione consapevole.<\/p>\n","protected":false},"author":1,"featured_media":0,"parent":0,"menu_order":0,"comment_status":"closed","ping_status":"closed","template":"","meta":{"footnotes":""},"class_list":["post-161","page","type-page","status-publish","hentry"],"_links":{"self":[{"href":"https:\/\/laviadellesfumature.it\/index.php?rest_route=\/wp\/v2\/pages\/161","targetHints":{"allow":["GET"]}}],"collection":[{"href":"https:\/\/laviadellesfumature.it\/index.php?rest_route=\/wp\/v2\/pages"}],"about":[{"href":"https:\/\/laviadellesfumature.it\/index.php?rest_route=\/wp\/v2\/types\/page"}],"author":[{"embeddable":true,"href":"https:\/\/laviadellesfumature.it\/index.php?rest_route=\/wp\/v2\/users\/1"}],"replies":[{"embeddable":true,"href":"https:\/\/laviadellesfumature.it\/index.php?rest_route=%2Fwp%2Fv2%2Fcomments&post=161"}],"version-history":[{"count":18,"href":"https:\/\/laviadellesfumature.it\/index.php?rest_route=\/wp\/v2\/pages\/161\/revisions"}],"predecessor-version":[{"id":1177,"href":"https:\/\/laviadellesfumature.it\/index.php?rest_route=\/wp\/v2\/pages\/161\/revisions\/1177"}],"wp:attachment":[{"href":"https:\/\/laviadellesfumature.it\/index.php?rest_route=%2Fwp%2Fv2%2Fmedia&parent=161"}],"curies":[{"name":"wp","href":"https:\/\/api.w.org\/{rel}","templated":true}]}}